{"id":169,"date":"2022-06-20T09:28:20","date_gmt":"2022-06-20T09:28:20","guid":{"rendered":"https:\/\/alutagusemaa.ee\/kauksirannahoone\/?page_id=169"},"modified":"2022-06-20T09:35:39","modified_gmt":"2022-06-20T09:35:39","slug":"tingimused-privaatsuspohimotted-ja-kupsiste-kasutamine","status":"publish","type":"page","link":"https:\/\/alutagusemaa.ee\/kauksirannahoone\/tingimused-privaatsuspohimotted-ja-kupsiste-kasutamine\/","title":{"rendered":"Tingimused, privaatsusp\u00f5him\u00f5tted ja k\u00fcpsiste kasutamine"},"content":{"rendered":"\n<div class=\"wp-block-edhotels-background-image undefined background alignfull intro\" style=\"min-height:100vh\"><div class=\"side-bar\"><\/div><img width=\"2000\" height=\"1157\" src=\"https:\/\/alutagusemaa.ee\/kauksirannahoone\/wp-content\/uploads\/sites\/2\/2022\/04\/Valis_3-1.jpg\" alt=\"\" loading=\"lazy\" style=\"object-position:50% 50%\" class=\"wp-image-21\" srcset=\"https:\/\/alutagusemaa.ee\/kauksirannahoone\/wp-content\/uploads\/sites\/2\/2022\/04\/Valis_3-1.jpg 2000w, https:\/\/alutagusemaa.ee\/kauksirannahoone\/wp-content\/uploads\/sites\/2\/2022\/04\/Valis_3-1-300x174.jpg 300w, https:\/\/alutagusemaa.ee\/kauksirannahoone\/wp-content\/uploads\/sites\/2\/2022\/04\/Valis_3-1-1024x592.jpg 1024w, https:\/\/alutagusemaa.ee\/kauksirannahoone\/wp-content\/uploads\/sites\/2\/2022\/04\/Valis_3-1-768x444.jpg 768w, https:\/\/alutagusemaa.ee\/kauksirannahoone\/wp-content\/uploads\/sites\/2\/2022\/04\/Valis_3-1-1536x889.jpg 1536w\" sizes=\"(max-width: 2000px) 100vw, 2000px\" \/><\/div>\n\n\n<div class=\"custom-shift-block\" style=\"position: relative; margin-top: 0px; z-index:2\">\n<div class=\"wp-block-edhotels-big-heading intro\"><h2>TINGIMUSED\u00a0JA PRIVAATSUS\u00adP\u00d5HIM\u00d5TTED<\/h2><\/div>\n<\/div>\n\n\n<div class=\"wp-container-1 wp-block-group intro has-darkgrey-color has-white-background-color has-text-color has-background\">\n<h2 id=\"tingimused-nbsp-ja-privaatsuspohimotted\"><strong>Tingimused&nbsp;ja Privaatsus\u00adp\u00f5him\u00f5tted<\/strong><\/h2>\n\n\n\n<h3 id=\"tingimused-privaatsuspohimotted-ja-kupsiste-kasutamine\"><strong>Tingimused, privaatsusp\u00f5him\u00f5tted ja k\u00fcpsiste kasutamine<\/strong><\/h3>\n\n\n\n<p>Tingimuste ja Privaatsusp\u00f5him\u00f5tete (edaspidi \u201ePrivaatsusp\u00f5him\u00f5tted\u201c) eesm\u00e4rk on anda v\u00f5imalikult lihtne ja arusaadav \u00fclevaade sellest, milliseid andmeid me oma tasuta ja tasuliste teenuste pakkumisel t\u00f6\u00f6tleme ja kogume ning mil viisil neid kasutame. Valdava osa infost olete meile ise edastanud, aga sellegipoolest soovitame allolevaga tutvuda, et teaksite, mida teha, kui te meile seda infot edastada ei soovi.<\/p>\n\n\n\n<p>Kauksi rannahoone pakub v\u00f5imalust tellida teenuseid, tooteid v\u00f5i osaleda erinevates tegevustes, nt auhinnam\u00e4ngudes v\u00f5i loosides (edaspidi \u201eTeenused\u201c). Kui k\u00fclastate meie veebilehti (alutagusemaa.ee, alutagusemaa.ee\/kauskirannahoone ja alutagusema.ee\/vasknarvasadam; edaspidi \u201eVeebileht\u201c), kogume vaid anon\u00fc\u00fcmset informatsiooni, mis aitab meil oma teenust lihtsamini teieni tuua. See sisaldab n\u00e4iteks anal\u00fc\u00fctikat, kust n\u00e4eme, millised teemad ja teenused inimestele rohkem huvi pakuvad ja millised v\u00e4hem v\u00f5i \u00fcldse mitte. See aitab meil m\u00f5ista, milliste huvidega meie kodulehe k\u00fclastajad on, et saaksime end tutvustada just neile, kes meie teenustest t\u00f5esti huvitatud v\u00f5iksid olla.<\/p>\n\n\n\n<p>Kasutame oma veebilehtedel k\u00fcpsiseid (andmeplokid, mille veebiserver teie brauserile saadab ja mida Teie arvutis hoitakse, et Veebileht teie arvuti \u00e4ra tunneks), mis v\u00f5imaldavad erinevat funktsionaalsust meie veebilehtedel ja parandavad kasutajakogemust. Soovi korral saab oma veebilehitseja seadetes k\u00fcpsiste kasutamise \u00e4ra keelata ja vastavate brauserilaiendustega ka anal\u00fc\u00fctika j\u00e4lgimise \u00e4ra blokeerida. Sel juhul tuleb arvestada, et see v\u00f5ib kaasa tuua probleeme Veebilehe korrektses toimimises. Eriti olukorras, kus soovite vormistada tellimust.<\/p>\n\n\n\n<p>K\u00e4esolevad Privaatsustingimused annavad infot selle kohta, kuidas me kogume ja kasutame isikuandmeid Veebilege kasutamisel, sealhulgas igasugust infot, mida annate teenuste kohta p\u00e4ringut tehes.<\/p>\n\n\n\n<p>Kauksi rannahoone on andmet\u00f6\u00f6tleja vastutab teie isiklike andmete kaitsmise eest. Meile oma andmete edastamisega kinnitate, et olete vanem kui 18 aastane.<\/p>\n\n\n\n<h3 id=\"kontaktinfo\"><strong>Kontaktinfo<\/strong><\/h3>\n\n\n\n<p>Me oleme Kauksi rannahoone (\u201emeie\u201c), oleme registreeritud Eestis, registrikoodiga 90015270, aadress Rannapromenaadi, Kauksi k\u00fcla, Alutaguse vald, Ida-Virumaa, Eesti. Kuulume Alutaguse vallale ja meid haldab Alutagusemaa SA.<\/p>\n\n\n\n<p>Privaatsusp\u00f5him\u00f5tetega seotud k\u00fcsimuste, kommentaaride ja p\u00e4ringute esitamiseks palume saata e-kiri aadressile <a href=\"mailto:info@alutagusemaa.ee\">info@alutagusemaa.ee<\/a>.<\/p>\n\n\n\n<h3 id=\"moisted\"><strong>M\u00f5isted<\/strong><\/h3>\n\n\n\n<ul><li>Veebileht \u2013 alutagusemaa.ee, alutagusemaa.ee\/kauskirannahoone ja alutagusema.ee\/vasknarvasadam<\/li><li>Kasutaja \u2013 k\u00f5ik, kes k\u00fclastavad meie Veebilehte, tarbivad meie poolt jagatavat sisu v\u00f5i edastavad meile ise infot, n\u00e4iteks artikleid lugedes v\u00f5i meiega e-posti teel \u00fchendust v\u00f5ttes.<\/li><li>Isikuandmed \u2013 igasugused Kasutaja kohta k\u00e4ivad andmed.<\/li><li>Isikuandmete t\u00f6\u00f6tlemine \u2013 igasugune Kasutaja Isikuandmetega tehtav tegevus, mida teeb Kauksi rannahoone v\u00f5i Volitatud T\u00f6\u00f6tleja. N\u00e4iteks andmete kogumine, t\u00f6\u00f6tlemine, talletamine, parandamine v\u00f5i kustutamine.<\/li><li>Teenused \u2013 k\u00f5ik Kauksi rannahoone pakutavad tasuta ja tasulised teenused.<\/li><li>Volitatud T\u00f6\u00f6tleja \u2013 Kauksi rannahoone lepingupartner, kes T\u00f6\u00f6tleb Isikuandmeid ja kelle toote v\u00f5i teenuse abil saab Kasutajale Kauksi rannahoone Teenuseid pakkuda ning seadusest tulenevaid n\u00f5udeid t\u00e4ita.<\/li><\/ul>\n\n\n\n<h3 id=\"isikuandmete-kogumine\"><strong>Isikuandmete kogumine<\/strong><\/h3>\n\n\n\n<p>Isikuandmed t\u00e4hendavad igasugust infot, mille alusel saab inimest tuvastada. See ei h\u00f5lma anon\u00fc\u00fcmseid andmeid.<\/p>\n\n\n\n<p>Kauksi rannahoone kogub Kasutaja Isikuandmeid j\u00e4rgnevalt:<\/p>\n\n\n\n<ul><li>Kasutaja edastab ise oma andmed Kauksi rannahoonele, t\u00e4ites Veebilehel olevaid vorme v\u00f5i suheldes Kauksi rannahoonega telefoni v\u00f5i e-posti teel, sh tellides teenuseid, saates infop\u00e4ringu v\u00f5i andes tagasisidet.<\/li><li>Automaatselt tehnoloogia abil \u2013 Kauksi rannahoone v\u00f5ib koguda tehnilist infot Kasutaja kasutatud seadmete, Veebilehe lugemise ja kasutusmustrite kohta. Seda infot kogutakse k\u00fcpsiste, serverilogide jm tehnoloogia (nt Google Analytics statistika) abil. Vaata ka sektsiooni \u201eK\u00fcpsised\u201c.<\/li><\/ul>\n\n\n\n<p>Kauksi rannahoone v\u00f5ib koguda teatud Isikuandmeid Kasutaja kohta:<\/p>\n\n\n\n<ul><li>identiteet \u2013 eesnimi, perekonnanimi;<\/li><li>kontaktandmed \u2013 e-posti aadress, telefon;<\/li><li>tehnilised andmed \u2013 nt IP-aadress;<\/li><li>kasutusinfo \u2013 kuidas Kasutaja Veebilehte, tooteid ja teenuseid kasutab (nt Google Analytics kaudu Veebilehe k\u00fclastatavuse statistika);<\/li><li>turundusinfo \u2013 Kastuaja eelistused Kauski rannahoonelt turundusinfo saamiseks.<\/li><\/ul>\n\n\n\n<p>Kauksi rannahoone ei kogu Kasutaja kohta eriliigilisi (tundlikke) isikuandmeid, nt terviseandmeid, usulisi ja poliitilisi veendumusijne.<\/p>\n\n\n\n<h3 id=\"isikuandmete-tootlemine\"><strong>Isikuandmete t\u00f6\u00f6tlemine<\/strong><\/h3>\n\n\n\n<p>Me kasutame Kasutaja Isikuandmeid ainult seadusega lubatud viisil ja ulatuses. Peamisteks kasutuseesm\u00e4rkideks on:<\/p>\n\n\n\n<ul><li>Kasutaja ja teenusepakkuja (Kauksi rannahoone) vahelise lepingu (n\u00e4iteks arvete edastamiseks, maksmata arvete meeldetuletuseks) t\u00e4itmine;<\/li><li>&nbsp;\u00f5igustatud huvi korral (n\u00e4iteks tutvustame Kasutaja poolt v\u00e4ljendatud huvidele sarnast teenustv\u00f5i artiklit, kasutame kasutajakogemuse parendamiseks Veebilehe kasutusstatistikat, k\u00fcsime tagasisidet jne);<\/li><li>kui me peame t\u00e4itma seadusest tulenevaid n\u00f5udeid (n\u00e4iteks ametiasutuste seadusj\u00e4rgsete n\u00f5uete korral, Kasutaja poolt esitatud seadusest tulenevate p\u00e4ringutele vastamiseks, raamatupidamise seadusest tulenevate kohustuste t\u00e4itmiseks, kasutustingimuste muutusest teavitamiseks).<\/li><\/ul>\n\n\n\n<p>Me k\u00fcsime Kasutajalt n\u00f5usolekut ainult turundusinfo saatmiseks. Kui Te ei taha meie uudiskirja saada, siis v\u00f5ite oma eelistusi igal ajal muuta. Selleks kontakteeruge meiega Teile sobival ajal aadressil <a href=\"mailto:info@alutagusemaa.ee\">info@alutagusemaa.ee<\/a> v\u00f5i vajutage uudiskirjas linki \u201eunsubscribe\u201c.<\/p>\n\n\n\n<h3 id=\"turundusinfo\"><strong>Turundusinfo<\/strong><\/h3>\n\n\n\n<p>Te v\u00f5ite saada meilt turundusinfot meili teel kui olete<\/p>\n\n\n\n<ul><li>tellinud meilt teenuseid ega ole teatanud oma soovist turundusinfost loobuda.<\/li><\/ul>\n\n\n\n<p>Me ei saada teile r\u00e4mpsposti ega ei edasta kunagi sinu kontaktandmeid kolmandatele osapooltele nende turundusinfo edastamise huvides.<\/p>\n\n\n\n<h3 id=\"isikuandmete-edastamine-volitatud-tootajatele\"><strong>Isikuandmete edastamine volitatud t\u00f6\u00f6tajatele<\/strong><\/h3>\n\n\n\n<p>Kauksi rannahoone kasutab igap\u00e4evaseks tegevuseks, paremaks Teenuste osutamiseks, kasutajakogemuse parendamiseks ja turvalisuse tagamiseks Volitatud T\u00f6\u00f6tlejate ehk kolmandate osapoolte teenuseid.<\/p>\n\n\n\n<p>Kauksi rannahoone v\u00f5ib kasutada j\u00e4rgnevatesse kategooriatesse j\u00e4\u00e4vaid Volitatud T\u00f6\u00f6tlejaid ja kolmandaid osapooli:<\/p>\n\n\n\n<ul><li>teenusepakkujad, kes pakuvad IT- ja s\u00fcsteemihaldusega seotud teenuseid (nt serveriteenus, andmete pilvemajutus, meilihaldus, makseteenuste platvormid jne);<\/li><li>n\u00f5ustajad, sh juristid, pankurid, raamatupidajad;<\/li><li>Maksuamet jt reguleerimisorganid, kes n\u00f5uavad teatud tehingute raporteerimist.<\/li><\/ul>\n\n\n\n<p>Me n\u00f5uame k\u00f5igilt kolmandatelt osapooltelt andmekaitse n\u00f5uete t\u00e4itmist ja seaduste j\u00e4rgimist. Me lubame kolmandatel osapooltel t\u00f6\u00f6delda Kasutajate Isikuandmeid ainult v\u00e4ga konkreetsel, andmekaitse seadusega koosk\u00f5las oleval eesm\u00e4rgil.<\/p>\n\n\n\n<p>Me ei edasta Kasutajate andmeid v\u00e4ljaspoole Euroopa Liitu (v.a teenuseosutajad, kes juhtuvad olema USA ettev\u00f5tted, kes aktsepteerivad EU-US vahelist kokkulepet Privacy Shield, mis n\u00f5uab EU-ga samal tasemel andmekaitse tagamist).<\/p>\n\n\n\n<h3 id=\"isikuandmete-turvalisus\"><strong>Isikuandmete turvalisus<\/strong><\/h3>\n\n\n\n<p>Kauksi rannahoone kasutab vajalikke meetmeid Kasutajate andmete turvalisuse ja s\u00e4ilivuse tagamiseks. Me piirame ligip\u00e4\u00e4su Kasutajate isikuandmetele ainult nendele t\u00f6\u00f6tajatele ja lepingupartneritele, kellel on vaja seda t\u00f6\u00f6\u00fclesannete t\u00e4itmiseks. J\u00e4rgime protseduure, kuidas k\u00e4sitleda v\u00f5imalikku andmeleket, seadusest tulenevatel juhtudel informeerime andmelekkest puudutatud isikuid ja reguleerimisorganit.<\/p>\n\n\n\n<h3 id=\"isikuandmete-sailitamine\"><strong>Isikuandmete s\u00e4ilitamine<\/strong><\/h3>\n\n\n\n<p>Isikuandmeid s\u00e4ilitatakse nii kaua, kuni see on nende eesm\u00e4rgi t\u00e4itmiseks, seadusest tulenevalt v\u00f5i Kauksi rannahoone \u00f5iguste kaitsmiseks vajalikud. N\u00e4iteks raamatupidamisandmeid s\u00e4ilitatakse 7 aastat alates majandusaasta l\u00f5ppemisest, uudiskirja nimistus olevaid e-posti aadresse seni, kuni Kasutaja avaldab soovi see sealt eemaldada v\u00f5i Kauksi rannahoone selle ise varem eemaldab.<\/p>\n\n\n\n<h3 id=\"kasutaja-oigused\"><strong>Kasutaja \u00f5igused<\/strong><\/h3>\n\n\n\n<p>Kasutajal on igal ajal \u00f5igus:<\/p>\n\n\n\n<ul><li>avaldada soovi oma andmetele ligi p\u00e4\u00e4seda;<\/li><li>n\u00f5uda Isikuandmete parandamist, t\u00e4iendamist v\u00f5i seaduses etten\u00e4htud tingimustel ka kustutamist;<\/li><li>n\u00f5uda Isikuandmete T\u00f6\u00f6tlemise piiramist;<\/li><li>n\u00f5uda Isikuandmete \u00fclekandmist;<\/li><li>loobuda varem antud n\u00f5usolekust turundusinfo saamiseks;<\/li><li>\u00f5igus p\u00f6\u00f6rduda Andmekaitse Inspektsiooni poole, kui Kasutaja usub, et tema \u00f5igusi Isikuandmete t\u00f6\u00f6tlemisel on rikutud.<\/li><\/ul>\n\n\n\n<p>Loetletud \u00f5iguste kasutamiseks tuleb Kasutajal v\u00f5tta \u00fchendust Veebilehel kuvatud kontaktidel ja saata vastavasisuline kirjalik avaldus. Teatud juhtudel saab Kasutaja neid muudatusi ka ise sisse viiat. N\u00e4iteks iga uudiskirja l\u00f5pus on olemas link, mille kaudu saab Kasutaja ennast nimekirjast \u00e4ra kustutada ja edasistest kirjadest loobuda. K\u00fcpsiste kasutamise puhul saab teha vastavad valikud oma veebilehitseja seadete alt.<\/p>\n\n\n\n<h3 id=\"kupsised\"><strong>K\u00fcpsised<\/strong><\/h3>\n\n\n\n<p>K\u00fcpsised on v\u00e4ikesed andmeplokid, mille veebiserver Teie brauserile saadab ja mida Teie arvutis hoitakse, et Veebileht Teie arvuti \u00e4ra tunneks. K\u00fcpsiseid on kahte t\u00fc\u00fcpi: p\u00fcsik\u00fcpsised ja ajutised k\u00fcpsised (niinimetatud seansik\u00fcpsised). P\u00fcsik\u00fcpsised salvestatakse pikemaks ajaks failina Teie arvutisse v\u00f5i mobiilsideseadmesse. Seansik\u00fcpsised saadetakse ajutiselt Teie arvutisse, kui meie Veebilehte k\u00fclastate, kuid lehe sulgemisel need k\u00fcpsised kustuvad, st neid ei salvestata p\u00fcsivalt Teie seadmesse. Enamik firmasid kasutavad oma veebilehtedel k\u00fcpsiseid, et nende kasutust paremaks teha. K\u00fcpsised ei saa Teie faile kahjustada ega suurenda viiruste ohtu Teie arvutis.<\/p>\n\n\n\n<p>Meie ja meie teenusepakkujad v\u00f5ime kasutada j\u00e4rgmisi k\u00fcpsiste t\u00fc\u00fcpe:<\/p>\n\n\n\n<ul><li><strong>Ainult vajalikud k\u00fcpsised:<\/strong> need k\u00fcpsised on meile absoluutselt vajalikud, et meie Veebilehte k\u00e4igus hoida. N\u00e4iteks kasutame neid k\u00fcpsiseid Veebilehe k\u00fclastajate autentimiseks ja tuvastamiseks, et neile oma Teenust osutada. Ilma nende k\u00fcpsisteta ei tunneks me Teid \u00e4ra ja Te ei saaks meie Teenustele juurdep\u00e4\u00e4su. Samuti aitavad need k\u00fcpsised tagada meie teenuste turvalisuse.<\/li><li><strong>Sooritus- ja funktsioonik\u00fcpsised:<\/strong> need k\u00fcpsised ei ole h\u00e4davajalikud, kuid v\u00f5imaldavad meil teha Teie kogemus isikup\u00e4rasemaks. N\u00e4iteks v\u00f5imaldavad need meil Teie eelistusi meelde j\u00e4tta, nii et Te ei pea avaldama andmeid, mida olete juba meile andnud, n\u00e4iteks meie Teenustele registreerumisel. Samuti kogume nende k\u00fcpsiste abil teavet k\u00fclastajate tegevuse kohta meie teenuste kasutamisel (n\u00e4iteks populaarsed lehed, vaatamiste korrap\u00e4rad ja viidetele vajutamiste m\u00e4\u00e4r), et oskaksime oma Veebilehte ja Teenuseid paremaks muuta ja turu-uuringuid teha. Kui otsustate need k\u00fcpsised kustutada, siis on meie teenused Teie jaoks piiratud toimega.<\/li><li><strong>Reklaamik\u00fcpsised:<\/strong> need k\u00fcpsised sisaldavad teavet selle kohta, kuidas Te olete kasutanud meie veebilehte ja teisi veebilehti, n\u00e4iteks milliseid lehti Te olete k\u00fclastanud ja millistele reklaamidele vajutanud, et saaksime esitada Teile k\u00f5ige sobivamaid reklaame, nii meie kui teiste veebilehtedel. Neid reklaame nimetatakse \u201ehuvidel p\u00f5hinevaks reklaamiks\u201c. Osa reklaamik\u00fcpsistest v\u00f5ivad kuuluda meie teenusepakkujatele ja partneritele.<\/li><\/ul>\n\n\n\n<p>Kauksi rannahoone kasutab otse v\u00f5i l\u00e4bi kolmandate osapoolte parema kasutajakogemuse, kasutusstatistika, turvalisuse ja Teenuste parema kvaliteedi ning efektiivsema turundustegevuse tagamiseks k\u00fcpsiseid ehk v\u00e4ikeseid tekstifaile, mis salvestatakse Kasutaja arvutisse v\u00f5i mobiiliseadmesse, kui Kasutaja on seda oma veebilehitseja seadetes lubanud. Seda teevad enamik veebisaitidest. K\u00fcpsised on vajalikud n\u00e4iteks kasutajana sisselogimiseks, sotsiaalmeedia funktsioonide pakkumiseks ja Veebilehe kasutusstatistika anal\u00fc\u00fcsimiseks.<\/p>\n\n\n\n<p>K\u00fcpsiseid kasutame l\u00e4htudes \u00f5igustatud huvist tagada Veebilehe funktsioonide toimimine etten\u00e4htud viisil. Muul juhul kasutatavate k\u00fcpsiste puhul l\u00e4htume Kasutaja n\u00f5usolekust Veebilehel.<\/p>\n\n\n\n<p>Kasutaja v\u00f5ib k\u00fcpsuste kasutamise oma veebilehitseja seadetes \u00e4ra keelata v\u00f5i need kustutada, kuid sellisel juhul ei saa Kauksi rannahoone tagada Veebilehe korrektset toimimist.<\/p>\n\n\n\n<h3 id=\"muud-satted\"><strong>Muud s\u00e4tted<\/strong><\/h3>\n\n\n\n<p>Kauksi rannahoonel on \u00f5igus k\u00e4esolevaid Privaatsustingimusi \u00fchepoolselt muuta, teavitades Kasutajaid sellest Veebilehel, e-kirja teel v\u00f5i muul moel.<\/p>\n\n\n\n<p>Privaatsustingimusi ja k\u00fcpsiste kasutamise p\u00f5him\u00f5tteid uuendati viimati 2. veebruaril 2022.<\/p>\n<\/div>\n","protected":false},"excerpt":{"rendered":"<p>Tingimused&nbsp;ja Privaatsus\u00adp\u00f5him\u00f5tted Tingimused, privaatsusp\u00f5him\u00f5tted ja k\u00fcpsiste kasutamine Tingimuste ja Privaatsusp\u00f5him\u00f5tete (edaspidi \u201ePrivaatsusp\u00f5him\u00f5tted\u201c) eesm\u00e4rk on anda v\u00f5imalikult lihtne ja arusaadav \u00fclevaade sellest, milliseid andmeid me oma tasuta ja tasuliste teenuste pakkumisel t\u00f6\u00f6tleme ja kogume ning mil viisil neid kasutame. Valdava osa infost olete meile ise edastanud, aga sellegipoolest soovitame allolevaga tutvuda, et teaksite, mida teha, kui [&hellip;]<\/p>\n","protected":false},"author":3,"featured_media":0,"parent":0,"menu_order":0,"comment_status":"closed","ping_status":"closed","template":"","meta":[],"_links":{"self":[{"href":"https:\/\/alutagusemaa.ee\/kauksirannahoone\/wp-json\/wp\/v2\/pages\/169"}],"collection":[{"href":"https:\/\/alutagusemaa.ee\/kauksirannahoone\/wp-json\/wp\/v2\/pages"}],"about":[{"href":"https:\/\/alutagusemaa.ee\/kauksirannahoone\/wp-json\/wp\/v2\/types\/page"}],"author":[{"embeddable":true,"href":"https:\/\/alutagusemaa.ee\/kauksirannahoone\/wp-json\/wp\/v2\/users\/3"}],"replies":[{"embeddable":true,"href":"https:\/\/alutagusemaa.ee\/kauksirannahoone\/wp-json\/wp\/v2\/comments?post=169"}],"version-history":[{"count":3,"href":"https:\/\/alutagusemaa.ee\/kauksirannahoone\/wp-json\/wp\/v2\/pages\/169\/revisions"}],"predecessor-version":[{"id":239,"href":"https:\/\/alutagusemaa.ee\/kauksirannahoone\/wp-json\/wp\/v2\/pages\/169\/revisions\/239"}],"wp:attachment":[{"href":"https:\/\/alutagusemaa.ee\/kauksirannahoone\/wp-json\/wp\/v2\/media?parent=169"}],"curies":[{"name":"wp","href":"https:\/\/api.w.org\/{rel}","templated":true}]}}